9 a composite number?
True
Is 1747364131 prime?
True
Is 653439599 a prime number?
False
Is 82094106221 a prime number?
False
Is 9252675077 composite?
True
Is 191971831 a prime number?
True
Is 7144404797 prime?
True
Is 1485845197 a composite number?
False
Is 1642759397 a composite number?
True
Is 2428688687 prime?
True
Is 22473274393 a prime number?
False
Is 69534564901 a composite number?
False
Is 8989881323 prime?
True
Is 40009801957 a composite number?
False
Is 844168187 composite?
False
Is 1621885703 a prime number?
True
Is 497392381 a composite number?
True
Is 103990685 a prime number?
False
Is 20906813921 composite?
True
Is 229893941 a prime number?
False
Is 194867543 a prime number?
False
Is 1030334537 a prime number?
True
Is 370711351 composite?
True
Is 237692681 composite?
False
Is 442415711 composite?
True
Is 67825074629 composite?
True
Is 1843974463 a prime number?
False
Is 166651277 prime?
False
Is 5827326301 a prime number?
True
Is 1042566709 a prime number?
False
Is 154938019 a composite number?
False
Is 15332154553 prime?
False
Is 134002811149 prime?
True
Is 193775489 prime?
True
Is 961348699 prime?
True
Is 1714357097 prime?
True
Is 80862946571 a prime number?
False
Is 301747 a prime number?
True
Is 635642837 prime?
True
Is 59713385677 a prime number?
False
Is 37679937007 prime?
True
Is 5886955559 a composite number?
True
Is 674455391 composite?
False
Is 2150547101 a composite number?
False
Is 1264522139 a composite number?
False
Is 4335646729 prime?
True
Is 2346359483 composite?
True
Is 52648423865 a composite number?
True
Is 4418169391 a composite number?
True
Is 3753503891 prime?
False
Is 34733156401 a prime number?
False
Is 122360827 a composite number?
True
Is 27650714951 a composite number?
True
Is 693824201 composite?
True
Is 99370763897 prime?
True
Is 10083181223 composite?
True
Is 7132363877 prime?
True
Is 5294475793 a prime number?
True
Is 2688045611 prime?
True
Is 6441631363 a prime number?
True
Is 245808509 a prime number?
True
Is 45453743989 composite?
False
Is 92545882591 a prime number?
False
Is 10087519541 prime?
False
Is 302874631 prime?
False
Is 190068133 a prime number?
False
Is 1628699533 a composite number?
False
Is 32932153 prime?
True
Is 14031496891 a prime number?
False
Is 929177867 a prime number?
False
Is 4842276823 a composite number?
False
Is 22304584579 prime?
False
Is 1150825246 a composite number?
True
Is 6820939901 prime?
False
Is 116276619467 composite?
False
Is 12552162619 a composite number?
True
Is 7427422489 prime?
True
Is 43892923411 composite?
True
Is 12414920987 a prime number?
False
Is 1491577349 prime?
False
Is 34550327489 prime?
False
Is 20840476147 prime?
True
Is 6564196783 prime?
True
Is 1507615091 prime?
True
Is 4341393097 a prime number?
False
Is 8911865669 prime?
False
Is 670854949 a composite number?
True
Is 9104829607 a composite number?
False
Is 422911241 a composite number?
False
Is 11856162859 composite?
False
Is 51788573981 composite?
True
Is 8806692497 a composite number?
False
Is 23384196827 prime?
True
Is 4749759451 a prime number?
False
Is 5693904941 prime?
False
Is 28828199077 a composite number?
False
Is 322955747 prime?
True
Is 973329883 prime?
False
Is 21300648767 prime?
True
Is 384655939 composite?
False
Is 1779885377 a prime number?
True
Is 206141153 prime?
False
Is 908386069 prime?
True
Is 32992433 prime?
True
Is 1268248067 a composite number?
True
Is 38712194441 prime?
True
Is 8788387 prime?
True
Is 1733696761 composite?
False
Is 546280331 composite?
False
Is 6865991911 a composite number?
False
Is 547107161 prime?
True
Is 5138526593 prime?
False
Is 738836047 prime?
True
Is 8758218271 a composite number?
True
Is 1367972897 a composite number?
False
Is 2807911627 a composite number?
False
Is 1535392597 composite?
True
Is 2503189987 a prime number?
False
Is 81456464287 prime?
False
Is 71363965159 prime?
True
Is 1301673111 prime?
False
Is 985499461 a composite number?
False
Is 1298187691 composite?
True
Is 317089573 composite?
True
Is 569320553 a composite number?
True
Is 114577745 a prime number?
False
Is 5607784199 composite?
False
Is 621212533 composite?
False
Is 5893020769 prime?
True
Is 1628059949 composite?
True
Is 1620238999 prime?
False
Is 23543261117 a composite number?
True
Is 37941439033 a composite number?
False
Is 5989532333 a prime number?
True
Is 16890053917 a prime number?
False
Is 2182539287 a prime number?
True
Is 5428719797 composite?
True
Is 1237278869 a composite number?
True
Is 35669689027 composite?
True
Is 27632092541 composite?
False
Is 4307877001 prime?
False
Is 40896631571 prime?
True
Is 6366190945 composite?
True
Is 5333541211 composite?
True
Is 183581447 a prime number?
False
Is 5162716739 a prime number?
False
Is 169015566887 a prime number?
True
Is 5003869183 prime?
False
Is 979335419 a prime number?
False
Is 72320267 prime?
True
Is 211924217 prime?
False
Is 36496325591 a composite number?
True
Is 464382161 a composite number?
False
Is 6829209917 a prime number?
False
Is 1718075991 a prime number?
False
Is 107181192127 prime?
False
Is 306625595 prime?
False
Is 28390609183 prime?
True
Is 35280704189 a prime number?
True
Is 1444311481 prime?
False
Is 2643857393 a prime number?
False
Is 56497517459 a composite number?
True
Is 12378748841 a prime number?
False
Is 21000367 composite?
False
Is 1979748037 composite?
False
Is 12178213063 a prime number?
False
Is 16024590053 a prime number?
False
Is 11718663513 composite?
True
Is 2223963611 composite?
False
Is 8565446171 a prime number?
True
Is 48083543161 prime?
True
Is 4021536193 a prime number?
False
Is 3159894109 prime?
True
Is 4171912193 a prime number?
False
Is 8018967391 a composite number?
False
Is 1326260462 a prime number?
False
Is 77401055495 prime?
False
Is 8278002301 composite?
False
Is 23376935147 prime?
True
Is 4390843903 a prime number?
True
Is 198899179 prime?
False
Is 1482482591 a composite number?
True
Is 13317827321 a composite number?
False
Is 329086283 prime?
False
Is 15329425889 composite?
False
Is 23988695882 a composite number?
True
Is 489863887 composite?
True
Is 5812730491 composite?
True
Is 2049177313 a composite number?
False
Is 5557290419 a prime number?
True
Is 7172278193 a prime number?
True
Is 412715731 a composite number?
True
Is 3858161273 a prime number?
False
Is 1587672283 a composite number?
True
Is 539217251 composite?
True
Is 6915689687 composite?
True
Is 384832627 composite?
False
Is 7590813281 prime?
False
Is 20803972421 composite?
True
Is 6840228823 composite?
False
Is 1603171129 prime?
False
Is 3809732701 a prime number?
True
Is 175523713 prime?
True
Is 3293675787 composite?
True
Is 1691330887 a composite number?
True
Is 12746952061 a composite number?
True
Is 738223105 composite?
True
Is 670325158 a prime number?
False
Is 303034013 a prime number?
True
Is 11146768003 a composite number?
True
Is 199834165301 a prime number?
True
Is 18143736733 a composite number?
True
Is 1072017469 prime?
True
Is 9659878981 a composite number?
False
Is 8020823933 a prime number?
True
Is 5224686757 a prime number?
False
Is 4103974009 a composite number?
True
Is 4472502167 a composite number?
True
Is 105191873 a prime number?
False
Is 13393729421 a prime number?
True
Is 3788650969 composite?
True
Is 700389451 composite?
True
Is 20168728109 prime?
False
Is 1824854321 prime?
True
Is 23580723157 a composite number?
True
Is 79942473847 a composite number?
False
Is 910804322 composite?
True
Is 18123813437 a prime number?
True
Is 8815058869 a composite number?
True
Is 5896939207 a prime number?
True
Is 1306066511 composite?
True
Is 365417383 a composite number?
False
Is 1032041099 composite?
True
Is 40744547647 composite?
False
Is 940303751 composite?
False
Is 16685781169 composite?
False
Is 363405983 a prime number?
True
Is 8019971783 composite?
False
Is 9423564581 a composite number?
True
Is 35354261 composite?
False
Is 51204703903 a composite number?
True
Is 283813121 prime?
True
Is 109869707399 composite?
False
Is 98214581 a prime number?
True
Is 5515444289 composite?
False
Is 1124891983 a prime number?
True
Is 63498047 prime?
False
Is 597262901 a composite number?
False
Is 1229256461 a prime number?
True
Is 9534068641 composite?
True
Is 1438777091 a composite number?
